Suppose b = 3*a - 4*m - 101, a - 2*m - 66 = -a. What is the units digit of a?
1
Let a = -224 + 355. What is the units digit of a?
1
Let j(c) = 4*c**2 - 4*c - 3. Let k be j(-2). Suppose d + 3*i - k = 0, -4*d + 6*i + 129 = 3*i. What is the tens digit of d?
3
Suppose -6*x + 2*x = -16. Suppose x*b - 36 - 18 = 2*o, -5*o + 21 = 3*b. What is the units digit of b?
2
Suppose 4*c - 4*l = 20, -5*l = 2*c - 40 - 5. Suppose -3*a + y + 16 = -c, -2*y = -4*a + 34. What is the units digit of a?
9
Suppose -3*d + 9 = -3*o, 3*d = 5*o - 0 + 5. Let t(l) = l**3 - l**2 + 1. Let n be t(o). Suppose -n = -3*p + 1. What is the units digit of p?
2
Let y(w) = w**2 - w. Let r be y(1). Let t(n) = n**3 - n**2 - n + 15. What is the units digit of t(r)?
5
Suppose -a = -4*i - 15, i - 6*i = -a + 18. What is the units digit of a?
3
Let c be 2 - -2 - 2 - 0. Suppose -j + c*a + 11 = 0, 3*a - 55 = -5*j - 0*a. What is the tens digit of j?
1
Let f(t) = 2*t**2 - 2*t + 1. Let o be f(2). Suppose 5*n + 10 = 0, -o*n + 15 - 44 = -y. What is the units digit of y?
9
Let k = 42 - 75. Let v be k/6*1*-2. Let h = -8 + v. What is the units digit of h?
3
Suppose -9 = 5*i - 2*t, -2*i = -3*t + t + 6. Let m(a) = 11*a**2. Let x be m(i). Let u = -3 + x. What is the units digit of u?
8
Suppose 2*b + 0*b - 4*x - 54 = 0, -4*x - 91 = -3*b. What is the units digit of b?
7
Let h(m) = m**2 - 7*m - 26. What is the tens digit of h(11)?
1
Let q be 2 + ((-4)/2 - -5). Let g = q + -2. Suppose 5*w - g - 7 = 0. What is the units digit of w?
2
Let x(v) be the second derivative of -1/3*v**3 + 0*v**2 + 0 - 2*v + 1/12*v**4 + 1/10*v**5. What is the tens digit of x(2)?
1
Suppose 4*s + 4*y = -84, -5*s - 4*y - 104 - 6 = 0. Let x = -18 - s. What is the units digit of x?
8
Suppose -9 - 31 = i. Let h be (-5)/(15/(-2))*87. Let x = i + h. What is the tens digit of x?
1
Let c(i) = -i**3 + 7*i**2 + 15*i - 4. What is the units digit of c(7)?
1
Suppose 4*i - 13 = -3*m - 4, 2*i - 4*m = 32. What is the units digit of 1*9 - i/3?
7
Let r = 96 - -83. What is the tens digit of r?
7
Let a be (1 + 0)*(3 + -3). Let c = 0 + a. Suppose -4 + c = -4*k. What is the units digit of k?
1
Let i = 393 - 188. What is the units digit of i?
5
Let a be (-2 + 2 - 2) + -24. Let w = a + 41. What is the tens digit of w?
1
Let d be (-10)/1*(-5 - -6). Let k be (44/d - -2)*-5. Let x = -4 + k. What is the units digit of x?
8
Let x(r) be the third derivative of -r**5/60 + r**4/12 + r**2. Let n be x(4). What is the tens digit of 2/n*13*-4?
1
Let g be (21 - 19)/(1 + 1). What is the tens digit of (4/2 - g)*10?
1
Let g be 4/(-6) - 92/(-12). Suppose 0 = -3*f + g + 17. What is the units digit of f?
8
Suppose -192 = 2*v - 2*u, v - 5*u = 5*v + 339. Let y = v - -134. What is the tens digit of y?
4
Let b(c) = 2*c - 7. Suppose 8 = 3*f - 7. Let l be b(f). Let p = 7 - l. What is the units digit of p?
4
Let b = 103 - 165. Let c = b - -107. What is the tens digit of c?
4
Let q = 2 - -3. Let n be 15/q - (-3)/1. Suppose 3*x = -0*x + n. What is the units digit of x?
2
Suppose 5*l - 3*l = 4. Let q(k) = k**3 + 2*k. What is the tens digit of q(l)?
1
Suppose 4*j - 611 = b, 3*b = -0 + 3. What is the units digit of j?
3
Suppose 3*o = 7*o. Let i be (o + (-1 - -1))*1. Suppose i = 4*d + q - 37, 4*d - 3*q + 7 = 24. What is the units digit of d?
8
What is the tens digit of 19/1 - 0/5?
1
Let w = 132 + -32. What is the units digit of w?
0
Let t(d) = -12*d - 4. What is the tens digit of t(-6)?
6
Let r(n) = n**3 + 5*n**2 - 3*n. Let d be r(-4). Suppose 2*c = c - 2*l + 14, d = 2*c - 5*l. What is the tens digit of c?
1
Let b(z) be the third derivative of z**5/15 - z**4/12 + z**2. What is the units digit of b(3)?
0
Let p(h) = h - h**2 - h**2 + h**2. Let o be p(1). What is the units digit of -6 + 8 - (o + -5)?
7
Let d = -5 - 4. Let y(x) = -x - 12. Let z(i) = i + 11. Let q(c) = -4*y(c) - 5*z(c). What is the units digit of q(d)?
2
Let t(f) = 7*f**3 - 9*f**2 + 8*f + 4. Let g(l) = l**3 - l**2 + l + 1. Let n(s) = 6*g(s) - t(s). Suppose 5*i = -7 + 17. What is the units digit of n(i)?
2
Let n(g) = g**2 - 7*g + 3. Let j be n(3). Let o be 1*-2*(-15)/2. Let c = o + j. What is the units digit of c?
6
Let f(z) = -5*z**3 - 20*z**2 + 2*z - 4. Let b(m) = 2*m**3 + 7*m**2 - m + 1. Let k(h) = 8*b(h) + 3*f(h). What is the units digit of k(5)?
1
Suppose 4*r - 2*s + 24 = 0, 2*r - 4*s - 5 = -17. Let f be (-44)/r*(-15)/(-10). Suppose -2*k - 2*z + 4 = -0*k, 5*z = -2*k - f. What is the units digit of k?
7
Let y(r) = 7*r**2 + 14*r + 19. Let s(u) = 3*u**2 + 7*u + 9. Let z(o) = -5*s(o) + 2*y(o). Let h = -3 + -2. What is the units digit of z(h)?
3
Suppose 0 = 2*h - 3*c - 74 - 0, 4*c = 5*h - 199. What is the tens digit of h?
4
Let p(t) = -4*t - 1. Let v(d) = 5*d + 2. Let q(h) = -4*p(h) - 3*v(h). Let b be q(6). Suppose -i - 61 = -b*n, 4*i = -4*n - i + 55. What is the tens digit of n?
1
Let n be 4/(-18) + (-140)/(-63). Suppose -5*v + n*q = -167, v - 43 = -q - q. What is the units digit of v?
5
Let b = 0 + 17. Suppose 4*d - b = 27. What is the tens digit of d?
1
Let w(y) = 2*y + 13. Let k be w(-9). What is the tens digit of (-1 - 1) + (-65)/k?
1
Suppose -14 = 4*x + f, 8 = -3*x - f - 2. Let c(s) = -s**3 - 4*s**2 + 2*s + 4. Let k be c(x). Let u = 4 - k. What is the units digit of u?
8
Suppose 3*x = 3*o + 72, -3*x + 85 = 2*o + 13. What is the tens digit of x?
2
Suppose -99 = -5*g - 3*i, -5*g + 84 = 2*i - 4*i. What is the tens digit of g?
1
Suppose -3*b - 9 = -2*w, -3*b = 3*w - 53 + 2. What is the tens digit of (2 - 3/3) + w?
1
Let p = 154 - 74. What is the tens digit of p?
8
Let y(a) = a + 3. Let n be y(-10). What is the units digit of (16/6)/(n/(-21))?
8
Let j be 10/(-25) - 62/(-5). Let r = -8 + j. Let z = r + -3. What is the units digit of z?
1
Let k be 77/22*(1 - 7). Let i = -12 - k. What is the units digit of i?
9
Suppose 0 = -5*y + 24 + 1. Suppose y*x + 0*x + 4*j - 40 = 0, -5*x = -j - 15. Suppose v - x*v + 15 = 0. What is the units digit of v?
5
Let h(t) = 3*t. Let w(z) = 3*z + 1. Let c(j) = 2*h(j) - 3*w(j). Let g(k) = -4*k - 4. Let d(a) = -7*c(a) + 5*g(a). What is the units digit of d(3)?
4
Suppose v + 7 = 5*u, -5*u + 0 = -2*v + 1. What is the tens digit of (-2)/v + (-385)/(-20)?
1
Suppose h + 3*r + 2 = 0, -h + 0*h + 3*r + 10 = 0. Suppose 0 = -p - 2*n + 3, -3*p + h*n + 64 = -n. What is the units digit of p?
3
Suppose -h + 91 = 4*v, -4*h + 107 = 4*v + 31. What is the tens digit of v?
2
Let x = 4 - -2. What is the units digit of x?
6
What is the units digit of (-595)/(-21) + (-3)/9?
8
Let d(w) = -14*w - 1. Let b(o) = -o - 1. Let q(x) = -4*b(x) + d(x). What is the tens digit of q(-2)?
2
Let v be ((-20)/(-15))/(1/3). Suppose -6*b + b = -55. Suppose -v*c + b = 3. What is the units digit of c?
2
Let r(s) = s**3 + 8*s**2 - 10*s - 4. Suppose -5*u - 4*f = 48, -2*u + 27 = -3*u + 5*f. Let a be (-27)/u*(-8)/2. What is the units digit of r(a)?
5
Let y(b) = 136*b**2 + b. What is the tens digit of y(1)?
3
Let a(h) = -h**2 + 6*h + 1. Let f(x) = -x**3 + 6*x**2 + 2*x - 7. Let c be f(6). What is the units digit of a(c)?
6
Suppose 3*h = -20 - 10. What is the tens digit of 1/2 - 125/h?
1
Let o = 35 - 52. Let d = -27 - o. What is the units digit of (15/d)/((-6)/8)?
2
Suppose p - 6 = -2*p. What is the units digit of p?
2
Let m(b) = 2*b - 3. Let d(g) = -2*g + 3. Let f(s) = 6*d(s) + 5*m(s). What is the tens digit of f(-4)?
1
Let o be 0 + -1 - 5/5. Let q be 4/(-8) + (-53)/o. Suppose -4*p + 18 = -q. What is the units digit of p?
1
Let x be (-4)/(-18) + (-460)/45. Let y = 11 + x. What is the units digit of y?
1
Let q = -5 - -7. Suppose 0 = -q*j + 5*p + 3, 2*j + 4*p = 50 - 2. What is the tens digit of j?
1
Let l be (-16)/10*10/(-2). What is the units digit of l + (-3 - -4) + -4?
5
Let y = -25 - -33. What is the units digit of y?
8
Let p(d) = -d + 9. Let t(u) = 10. Let w(c) = -5*p(c) + 4*t(c). Let b be w(5). Suppose 4*m + 5*f - 3*f = 14, 4*f + b = 0. What is the units digit of m?
6
Let j(w) = -w**2 + 6*w - 4. Let a(d) = d**2 + 29. Let m be a(0). Suppose -v + 0*h = -5*h - m, -2*h - 2 = 2*v. What is the units digit of j(v)?
4
Suppose 0 = -k - h + 5*h + 22, 0 = -5*k + 4*h + 94. What is the units digit of k?
8
Let f(v) = v**2 + 5*v - 3. What is the units digit of f(4)?
3
Suppose -4*a = -11 + 3. Let m(b) = 9*b + 2. What is the units digit of m(a)?
0
Let i be (3 + 2